by 2774.
16
What is the remainder when 14551 is divided by 355?
351
Calculate the remainder when 98937 is divided by 55.
47
Calculate the remainder when 547776 is divided by 555.
546
What is the remainder when 53956 is divided by 13457?
128
Calculate the remainder when 2797280 is divided by 939.
938
What is the remainder when 27504 is divided by 215?
199
Calculate the remainder when 100646 is divided by 191.
180
Calculate the remainder when 15723 is divided by 36.
27
What is the remainder when 100 is divided by 85?
15
Calculate the remainder when 55123 is divided by 358.
349
What is the remainder when 1589883 is divided by 31?
17
Calculate the remainder when 1048 is divided by 151.
142
Calculate the remainder when 5505 is divided by 390.
45
What is the remainder when 182495 is divided by 91236?
23
What is the remainder when 21819 is divided by 12?
3
Calculate the remainder when 62341 is divided by 157.
12
What is the remainder when 95790 is divided by 17?
12
What is the remainder when 65404 is divided by 16273?
312
What is the remainder when 3990 is divided by 29?
17
What is the remainder when 64767 is divided by 64766?
1
Calculate the remainder when 283943 is divided by 28.
23
What is the remainder when 676280 is divided by 996?
992
What is the remainder when 63592 is divided by 108?
88
What is the remainder when 3317 is divided by 177?
131
What is the remainder when 5261 is divided by 1748?
17
What is the remainder when 21641 is divided by 452?
397
What is the remainder when 333141 is divided by 325?
16
What is the remainder when 161250 is divided by 9?
6
What is the remainder when 45254 is divided by 520?
14
What is the remainder when 822751 is divided by 40?
31
What is the remainder when 383950 is divided by 393?
382
What is the remainder when 3023 is divided by 3017?
6
What is the remainder when 9514 is divided by 1762?
704
Calculate the remainder when 42894 is divided by 1785.
54
What is the remainder when 11322 is divided by 9008?
2314
Calculate the remainder when 18208 is divided by 289.
1
Calculate the remainder when 53976 is divided by 375.
351
Calculate the remainder when 3832 is divided by 956.
8
What is the remainder when 4828 is divided by 1204?
12
Calculate the remainder when 2405 is divided by 858.
689
Calculate the remainder when 3636 is divided by 305.
281
What is the remainder when 78188 is divided by 286?
110
What is the remainder when 13899 is divided by 1540?
39
What is the remainder when 59330 is divided by 539?
40
What is the remainder when 62214 is divided by 4784?
22
Calculate the remainder when 1979 is divided by 1035.
944
What is the remainder when 5052 is divided by 5052?
0
What is the remainder when 6806 is divided by 27?
2
Calculate the remainder when 25710046 is divided by 324.
322
What is the remainder when 6720 is divided by 2233?
21
Calculate the remainder when 1620 is divided by 460.
240
Calculate the remainder when 3638 is divided by 3473.
165
What is the remainder when 26965 is divided by 8983?
16
Calculate the remainder when 23203 is divided by 11588.
27
Calculate the remainder when 4689 is divided by 1357.
618
Calculate the remainder when 33281 is divided by 511.
66
What is the remainder when 185324 is divided by 162?
158
Calculate the remainder when 978009 is divided by 7.
4
What is the remainder when 7422 is divided by 200?
22
What is the remainder when 1413783 is divided by 34?
29
Calculate the remainder when 22583 is divided by 35.
8
Calculate the remainder when 6769 is divided by 835.
89
Calculate the remainder when 9344 is divided by 149.
106
Calculate the remainder when 46393 is divided by 13.
9
What is the remainder when 59064 is divided by 330?
324
Calculate the remainder when 237002 is divided by 39499.
8
What is the remainder when 31989 is divided by 10651?
36
Calculate the remainder when 149733 is divided by 103.
74
What is the remainder when 128752 is divided by 116?
108
What is the remainder when 31781 is divided by 1584?
101
What is the remainder when 42315 is divided by 246?
3
What is the remainder when 3597 is divided by 716?
17
Calculate the remainder when 7385 is divided by 1844.
9
What is the remainder when 7623 is divided by 171?
99
Calculate the remainder when 173297 is divided by 160.
17
Calculate the remainder when 18570 is divided by 211.
2
What is the remainder when 32473 is divided by 10729?
286
What is the remainder when 15774 is divided by 9?
6
What is the remainder when 2463 is divided by 52?
19
What is the remainder when 159717 is divided by 26?
25
Calculate the remainder when 239936 is divided by 30.
26
Calculate the remainder when 150908 is divided by 2187.
5
Calculate the remainder when 2904425 is divided by 98.
97
What is the remainder when 33780 is divided by 11226?
102
Calculate the remainder when 3039124 is divided by 114.
112
What is the remainder when 14369 is divided by 153?
140
Calculate the remainder when 13252 is divided by 2034.
1048
Calculate the remainder when 24974 is divided by 111.
110
Calculate the remainder when 758 is divided by 72.
38
What is the remainder when 996 is divided by 979?
17
What is the remainder when 2819 is divided by 42?
5
Calculate the remainder when 28347 is divided by 162.
159
Calculate the remainder when 639221 is divided by 947.
943
What is the remainder when 8825 is divided by 630?
5
Calculate the remainder when 6000 is divided by 34.
16
What is the remainder when 29506 is divided by 1841?
50
What is the remainder when 2428 is divided by 27?
25
What is the remainder when 33537 is divided by 260?
257
Calculate the remainder when 853660 is divided by 414.
406
What is the remainder when 3103 is divided by 616?
23
Calculate the remainder when 4983 is divided by 208.
199
Calculate the remainder when 101959 is divided by 495.
484
What is the remainder when 7451 is divided by 206?
35
What is the remainder when 182364 is divided by 379?
65
Calculate the remainder when 39400 is divided by 22.
20
Calculate the remainder when 16955 is divided by 1304.
3
What is the remainder when 470716 is divided by 14?
8
What is the remainder when 172214 is divided by 54?
8
Calculate the remainder when 2301 is divided by 563.
49
What is the remainder when 1841 is divided by 19?
17
What is the remainder when 11343 is divided by 3736?
135
What is the remainder when 11748 is divided by 2932?
20
Calculate the remainder when 24210 is divided by 153.
36
What is the remainder when 204731 is divided by 48?
11
What is the remainder when 20006 is divided by 132?
74
What is the remainder when 39174 is divided by 9735?
234
Calculate the remainder when 1709 is divided by 836.
37
Calculate the remainder when 14650 is divided by 781.
592
What is the remainder when 9315 is divided by 1309?
152
What is the remainder when 893 is divided by 72?
29
What is the remainder when 12026 is divided by 30?
26
What is the remainder when 13927 is divided by 253?
12
Calculate the remainder when 956173 is divided by 576.
13
Calculate the remainder when 232300 is divided by 17.
12
What is the remainder when 154195 is divided by 158?
145
What is the remainder when 21314 is divided by 4258?
24
What is the remainder when 339316 is divided by 66?
10
What is the remainder when 285358 is divided by 24?
22
What is the remainder when 5753 is divided by 1124?
133
Calculate the remainder when 40921 is divided by 8181.
16
What is the remainder when 356 is divided by 104?
44
Calculate the remainder when 45764 is divided by 9152.
4
Calculate the remainder when 580402 is divided by 721.
718
Calculate the remainder when 13814 is divided by 13804.
10
What is the remainder when 14527 is divided by 4240?
1807
Calculate the remainder when 123484 is divided by 21.
4
What is the remainder when 10227 is divided by 68?
27
What is the remainder when 590050 is divided by 61?
58
Calculate the remainder when 198002 is divided by 35.
7
What is the remainder when 48431 is divided by 50?
31
What is the remainder when 41565 is divided by 32?
29
Calculate the remainder when 4749 is divided by 1552.
93
What is the remainder when 1587 is divided by 726?
135
Calculate the remainder when 703518 is divided by 39.
36
Calculate the remainder when 5671 is divided by 1133.
6
Calculate the remainder when 909 is divided by 78